 - 4984. Is o a composite number?
True
Suppose 0*v - 2*d = 2*v - 847876, -5*d + 1695759 = 4*v. Is v a prime number?
True
Suppose 3 + 1 = y. Suppose -2*p - y = 4*l, -6 = -2*l - 0*p + 3*p. Suppose l*h = -h + 307. Is h a composite number?
False
Let q be 10497253/399 - (-4)/42. Is (0 - 1) + 1 + q a composite number?
False
Let s be ((-8360)/19)/(2 - 1). Let q = 2459 - s. Is q a prime number?
False
Let m(d) = 3*d + 142*d**2 + 289*d**2 - 12 + 14 - 4*d + 3*d. Let v = -4 - -3. Is m(v) a prime number?
True
Let v(m) = m**3 - 43*m**2 - 51*m - 205. Let j be v(44). Let b = j + 736. Is b a composite number?
False
Suppose -16*d + 12 = -84. Suppose 11*q - d*q - 25165 = 0. Let p = q - 3272. Is p a composite number?
True
Suppose 225 = 10*a - 465. Suppose 0 = -4*y + 7*y - a. Suppose 0 = -y*d + 24*d - 479. Is d composite?
False
Let s = -30 + 33. Suppose -3*x + 26 = 2*a + 2*a, -a - 1 = -s*x. Suppose 2*j - 5*v = -j + 1681, v = x*j - 1116. Is j a prime number?
True
Let p(k) = 116*k**2 - 36*k - 289. Is p(-29) composite?
True
Let p = 157703 + 481862. Is p prime?
False
Suppose 2*q = 4*j - 140220 - 428460, -2*j - 5*q = -284328. Is j composite?
False
Is 105585612/(-88)*2/(-3) a prime number?
True
Let d(m) = -3016*m - 131. Let n be d(-5). Suppose -14360 - n = -7*w. Is w a composite number?
True
Is -4*1156307/(-48) + (-2)/(-24) prime?
False
Is 5/((-165)/6) + (-69444609)/(-561) prime?
True
Let b(r) = 7021*r**2 - 7*r - 2. Let m be b(-3). Suppose 4*s - i = m - 5536, 0 = -5*s - i + 72099. Is s prime?
True
Let o(x) = 227*x - 99*x + 48 + 79*x - 6 + 121*x. Is o(13) prime?
False
Suppose -18*g = -19*g + 7. Let o(a) = -a**3 + 5*a**2 + 16*a - 10. Let k be o(g). Suppose -2*z - 4*f = -8*f - 60, k*z + 2*f - 80 = 0. Is z prime?
False
Let s = 17069 + -11695. Is 124/279 - s/(-18) a prime number?
False
Let s(a) = 200*a**2 + 14*a + 6. Let f be s(5). Is 6 - ((-25)/5 - f) composite?
False
Suppose 4*c - 756346 - 50584 = -2*u, -201716 = -c + 5*u. Is c prime?
True
Let r = -34376 + 49528. Suppose 5*a - r - 6578 = 0. Suppose -5*t + a = -3*t. Is t a prime number?
False
Suppose -23*m - 17061550 + 63104859 = 0. Is m a prime number?
False
Suppose n + 25 = 45. Suppose 22*i + n*i - 329826 = 0. Is i a prime number?
True
Is -1*(-7 - (-25179 - -1)*-2) composite?
False
Let y be 4 - (-107 + 3/1). Let m = 83 + y. Is m a composite number?
False
Let h = 244191 - 152930. Is h prime?
False
Is 5*(-10 + (-29138)/(-10)) composite?
False
Let g(r) = r**2 - 2*r + 212. Let n be g(34). Let s(z) = -170*z - 3. Let j be s(5). Let i = n + j. Is i composite?
True
Let f(l) = -445*l**2 - 16*l - 22. Let i be f(-10). Let g = -29439 - i. Is g composite?
False
Let w be (11 - 3)*7721/(-2). Let s = -12696 - w. Suppose 0 = 14*n - s - 4506. Is n composite?
False
Suppose -5*v + 4965 = 49015. Let f be (16/20)/(4/v). Let o = 2507 + f. Is o a composite number?
True
Let a = -769 + 765. Let c be (-6)/(2 + 16/(-6)). Is 3675/c - a/6 composite?
False
Suppose 4*f - 2135979 = -12*f + 7*f. Is f prime?
True
Let d(b) = b**3 + b**2 + 2*b + 2524. Let y be d(0). Is y*6/24 + 0 a composite number?
False
Let b = -595 + 1407. Suppose -d - b = -3548. Suppose 4*l = d + 332. Is l a composite number?
True
Let t = -566 + 243. Let z be (-60367)/t - (-2)/19. Suppose s - z - 547 = 0. Is s a prime number?
False
Suppose -324*f + 311*f + 39 = 0. Let r(o) = 22*o - 8. Let v(z) = z + 1. Let m(d) = r(d) + 4*v(d). Is m(f) a prime number?
False
Suppose 3*p + 7*o = 299448, 2*o + 2*o = 12. Is p prime?
True
Let s(a) = 3955*a - 12. Let x be s(-9). Let n be x/((-3)/(-1)) - -4. Is ((-1)/(-3))/((-5)/n) composite?
True
Let d(c) = -3*c**3 - 14*c**2 - 4*c - 22. Suppose -27 = -n + 4*n - q, n - 2*q + 9 = 0. Is d(n) a composite number?
True
Let p(n) = 9*n + 14. Suppose 0 + 16 = 4*c. Let a be p(c). Suppose -a*z - 2132 = -54*z. Is z composite?
True
Suppose 0 = -0*y + 7*y + 63341 - 618406. Is y a prime number?
False
Suppose -3*l + 1 = t, 0*t + 4 = -3*l - 2*t. Suppose l*i = -5*f + 4, f - 17 = 2*i + 3*i. Is 259/(4 + (-20)/4 + f) composite?
True
Let b(r) = 6*r - 46. Let q be b(12). Suppose q*u - 8545 = 21*u. Is u composite?
False
Let g(l) = 4753*l**2 - 128*l + 602. Is g(5) composite?
False
Let v be (-111)/(-12 - 108/(-8)). Suppose 5*n + 2595 - 970 = 0. Let g = v - n. Is g prime?
True
Let n(w) = -3*w**3 - w**2 + 15*w - 9. Suppose 149 + 26 = 7*i. Let j = -32 + i. Is n(j) a prime number?
False
Let d = 304 + -302. Suppose 3*n + d*j = -3*j + 48544, -16185 = -n + 2*j. Is n prime?
True
Let q = 14365 - 10004. Let k = q + 1346. Is k a composite number?
True
Let p be 1/(4 - 5 - (-40)/39). Let m = 52 - p. Suppose -m*v + 7*v + 132 = 0. Is v a prime number?
False
Let i(f) = -2294*f**3 + 10*f**2 + 9*f - 3. Suppose 70 = -4*m + 62. Is i(m) a prime number?
True
Let u = -353 - -230. Let b(d) = 4*d**2 + 2*d - 8. Let k be b(7). Let c = k + u. Is c a prime number?
True
Let j be 3/(-2) + (-39)/(-26). Suppose 4*m - 17 + 5 = j. Suppose -3*s + m*d = -2442, 6191 - 2126 = 5*s - 4*d. Is s prime?
True
Let s = -176 - -106. Suppose -84 = -2*w - 2*l, 0 = -0*l - 4*l - 12. Let i = w - s. Is i composite?
True
Is (755051/22 - -9)/((-3)/(-6)) a composite number?
False
Suppose -o = -3*i - 2, -3*o - 3*i = -16 - 38. Let p = o + -17. Is (-16881)/(-17)*(-1)/p a prime number?
True
Suppose -748 = 3*u - 8284. Is ((-5)/2)/((-7544)/u - -3) composite?
True
Let n(a) = -2125*a + 2742. Is n(-29) a prime number?
False
Let q = 73955 - -54818. Is q composite?
True
Suppose 39*l + 164*l = 55*l + 598660. Is l a prime number?
False
Let l(k) = -80*k + 37*k - 199*k + 5 - 49*k. Let s be l(2). Let v = 190 - s. Is v composite?
True
Let u(l) = 2*l**2 - 47*l - 71. Suppose 6*q - q + 134 = -4*p, p = 4*q + 103. Is u(q) prime?
True
Let m = -1301 - 703. Let t = 905 - m. Is t composite?
False
Let n be (-4*6/18)/((-2)/51). Suppose -3*r - 1 = -n. Suppose -13*d + 4138 = -r*d. Is d a prime number?
True
Let x = -89 - 232. Let n = x - -2205. Let k = -1333 + n. Is k a composite number?
True
Let t(f) = 2083*f + 22. Let p(w) = -1041*w - 11. Let g(y) = -5*p(y) - 2*t(y). Let s be g(2). Suppose s = 4*l + h, -3*h = 2*h - 25. Is l a composite number?
False
Suppose -4*b - 4873 = 11951. Let j = 7049 + b. Is j composite?
False
Let f be ((-3193845)/6)/(-5) - (-6)/(-4). Suppose -4*k + f = -0*k. Is k prime?
False
Suppose 29726 = 8*j - 2138. Is j composite?
True
Let m(o) = -o**3 - 8*o**2 + 6*o - 12. Let s be m(-9). Suppose s + 1126 = -b. Is b/2*(3 + -5)*1 a composite number?
True
Suppose -3*i + 23 - 8 = 0, 3*i - 30 = -5*y. Suppose 3*h = b - y*b + 1477, 4*b - 2948 = -4*h. Is b a prime number?
False
Suppose 5*o + 2*q = 22, 11 = 5*o - 3*o + 3*q. Is 6174 - (o/10 + (-440)/100) composite?
True
Suppose 3*t + 156*i = 155*i + 28873, 2*i = -10. Is t a prime number?
False
Let m(j) = -3*j**3 - 5*j**2 - 80*j - 97. Let b be m(-18). Let x = 21230 - 33038. Let w = x + b. Is w prime?
False
Let n(m) be the first derivative of -55*m**4/2 - m**2 + m - 17. Let r be n(-2). Suppose -11*k + 8*k + r = 0. Is k prime?
False
Let r = 211 + -208. Is r*(-4)/3 - (-2375 + 9) a prime number?
False
Let z = 624 - 622. Let v = 578 - 367. Suppose h = -0*m + 5*m - 340, -z*h - v = -3*m. Is m a composite number?
False
Let z(g) be the third derivative of -139*g**7/5040 + g**6/40 + 43*g**5/60 - 32*g**2. Let x(h) be the third derivative of z(h). Is x(-5) prime?
False
Let z(y) = 539*y**3 + 13*y**2 + 71*y - 451. Is z(6) prime?
True
Suppose -59*w = -50*w - 63. Suppose -19*q + 166188 = -w*q. Is q prime?
False
Let m(b) = -4*b**3 + 4*b**2 - 4*b + 11. Let c be m(-6). Suppose 2*j = i - 915, 1730 = 3*i + j - c. Is i a prime number?
False
Suppose -5*t = -4*n - 925, n = 4*t - 3*n - 736. Let k be (1/(-1*3))/(9/t). Let c(i) = -37*i - 6. Is c(k) a composite number?
True
Let z be 42/6 + -4 + 14. Suppose -z*s + 11044 = -35893. Is s a composite number?
True
Is 440394 + ((-1)/8)/(((-345)/120)/23) a prime number?
False
Suppose -59*x + 8120065 = 8*x. Is x prime?
False
Let q(t) = 4*t + 36. Let m be q(-9). Suppose g + 0*g + 2*g = m. Suppose g = -4*b - 3*b + 553. Is b prime?
True
Suppose 5 = 5*y - 10, 4*u - y = 17. Suppose 0 = u*c - 73 + 23. Is (12/6)/c + (-528)/(-10) composite?
False
Suppose 3*d - 2629 = -2*r + 8584, -5*d + 18691 = 4*r. Let b = d + -1984. Is b a prime number?
False
Let h(f) = 107*f**3 + f**2 + 203*f + 17. Is h(14) composite?
F